 common divisor of 368 and 1951136.
368
What is the greatest common factor of 116 and 140186?
58
What is the highest common factor of 1933376 and 1088?
1088
Calculate the greatest common factor of 62521 and 15175.
607
Calculate the highest common divisor of 13 and 17173.
13
Calculate the highest common factor of 225 and 25350.
75
What is the highest common divisor of 5734 and 1269?
47
Calculate the greatest common factor of 221 and 118847.
17
Calculate the highest common factor of 66 and 45496.
22
Calculate the greatest common factor of 698 and 7804338.
698
What is the highest common factor of 916 and 2838455?
229
Calculate the greatest common factor of 175 and 11494.
7
What is the greatest common divisor of 100 and 50900?
100
What is the highest common divisor of 225 and 59175?
225
What is the greatest common divisor of 14022 and 513?
171
Calculate the greatest common divisor of 3194 and 812873.
1597
What is the greatest common factor of 287535 and 4785?
435
Calculate the greatest common factor of 5005 and 5187.
91
What is the greatest common divisor of 44 and 12224?
4
What is the greatest common factor of 342 and 3669318?
342
What is the greatest common divisor of 30 and 1078250?
10
Calculate the greatest common divisor of 425 and 5627.
17
What is the highest common factor of 54 and 329697?
27
What is the greatest common factor of 16 and 6596?
4
What is the greatest common factor of 2720 and 32096?
544
Calculate the highest common factor of 56844 and 360.
36
Calculate the highest common divisor of 452175 and 75.
75
Calculate the greatest common divisor of 600 and 527448.
24
What is the greatest common factor of 78 and 408486?
78
Calculate the highest common divisor of 172107 and 8307.
117
Calculate the greatest common divisor of 44 and 37279.
11
Calculate the highest common divisor of 3161 and 87.
29
Calculate the highest common factor of 53536 and 4256.
224
Calculate the greatest common divisor of 29500 and 7552.
236
Calculate the highest common factor of 21357 and 441.
63
What is the highest common divisor of 79 and 170087?
79
What is the highest common factor of 9154 and 115?
23
What is the greatest common divisor of 2240 and 368?
16
What is the highest common factor of 435 and 237795?
15
Calculate the greatest common factor of 230401 and 68.
17
What is the greatest common divisor of 8076432 and 12?
12
Calculate the highest common divisor of 242 and 8668.
22
Calculate the highest common factor of 3502 and 1462.
34
What is the highest common factor of 24252 and 4644?
516
What is the greatest common divisor of 510 and 298945?
85
Calculate the greatest common divisor of 1182 and 18.
6
What is the greatest common factor of 48 and 1839252?
12
Calculate the highest common factor of 5413046 and 314.
314
What is the highest common divisor of 68 and 282523?
17
What is the highest common divisor of 507 and 36166?
169
What is the greatest common divisor of 440439 and 399?
57
Calculate the highest common divisor of 29610 and 72.
18
What is the highest common factor of 2298 and 2418645?
1149
What is the greatest common divisor of 649207 and 26?
13
What is the greatest common divisor of 7571 and 5494?
67
What is the highest common divisor of 1925 and 3325?
175
What is the highest common divisor of 24054 and 6119?
211
Calculate the highest common divisor of 1904 and 115920.
112
Calculate the greatest common factor of 156 and 98358.
78
Calculate the greatest common factor of 176 and 100078.
22
What is the greatest common divisor of 20 and 4468?
4
Calculate the greatest common divisor of 48 and 14028.
12
Calculate the greatest common divisor of 279 and 28551.
93
What is the highest common factor of 4825 and 5999405?
965
What is the greatest common factor of 96 and 612?
12
What is the highest common divisor of 13255399 and 2447?
2447
What is the greatest common factor of 278 and 1759462?
278
Calculate the highest common factor of 2816 and 1848.
88
What is the highest common divisor of 21472 and 42822?
122
Calculate the highest common divisor of 15 and 963240.
15
What is the greatest common factor of 12600 and 66318?
42
What is the greatest common factor of 235564 and 1645?
329
Calculate the highest common factor of 1356267 and 55.
11
Calculate the greatest common divisor of 504 and 10444.
28
Calculate the greatest common divisor of 6 and 63978.
6
What is the highest common factor of 22 and 396946?
22
What is the highest common divisor of 3515 and 268435?
185
What is the greatest common factor of 1664 and 884?
52
What is the greatest common factor of 9976 and 2150?
86
Calculate the highest common factor of 644 and 175.
7
Calculate the highest common divisor of 1247714 and 962.
962
What is the highest common factor of 729918 and 270?
54
What is the greatest common divisor of 1972 and 3808?
68
Calculate the highest common divisor of 59778 and 287.
41
What is the greatest common divisor of 201 and 10452?
201
What is the highest common divisor of 1533 and 28119?
21
Calculate the greatest common factor of 56363 and 8257.
359
Calculate the greatest common factor of 409260 and 228.
228
Calculate the greatest common factor of 450552 and 24.
24
What is the greatest common divisor of 571387 and 493?
493
What is the greatest common divisor of 1305 and 38515?
5
What is the greatest common divisor of 8 and 11071152?
8
Calculate the highest common factor of 9810 and 246340.
1090
What is the highest common factor of 299 and 26?
13
Calculate the greatest common divisor of 8733 and 82.
41
What is the highest common divisor of 6530 and 1750?
10
Calculate the highest common factor of 607 and 782423.
607
Calculate the highest common divisor of 744 and 19752.
24
What is the highest common factor of 14 and 50596?
14
What is the highest common factor of 12718415 and 635?
635
Calculate the greatest common factor of 405 and 5103.
81
Calculate the greatest common divisor of 21 and 194901.
21
Calculate the greatest common factor of 133827 and 93.
93
Calculate the greatest common divisor of 2574 and 49478.
286
Calculate the highest common divisor of 23 and 10925.
23
Calculate the highest common factor of 113610 and 10710.
210
Calculate the greatest common factor of 7236 and 100768.
268
What is the greatest common factor of 1060 and 80030?
530
Calculate the highest common factor of 17931 and 378219.
417
Calculate the highest common factor of 4472 and 314158.
1118
What is the highest common factor of 454 and 11891849?
227
What is the greatest common factor of 802382 and 777?
259
What is the greatest common factor of 12 and 165948?
12
Calculate the greatest common divisor of 4250 and 4.
2
Calculate the highest common factor of 4064 and 7493.
127
What is the greatest common divisor of 18842787 and 1059?
1059
What is the greatest common divisor of 341 and 451?
11
Calculate the greatest common divisor of 33143 and 92.
23
What is the highest common divisor of 1012 and 18308?
92
Calculate the highest common divisor of 265 and 6995.
5
What is the greatest common divisor of 22 and 6506?
2
Calculate the highest common factor of 40540 and 20.
20
What is the highest common factor of 162 and 80946?
54
What is the highest common factor of 86352 and 504?
168
Calculate the greatest common divisor of 1150214 and 902.
82
What is the greatest common factor of 2424 and 4141?
101
What is the greatest common factor of 18450 and 2091?
123
Calculate the greatest common factor of 992 and 38944.
32
Calculate the greatest common factor of 42681 and 205.
41
Calculate the highest common factor of 316960 and 480.
160
Calculate the greatest common divisor of 4978 and 418.
38
Calculate the greatest common divisor of 276757 and 2379.
793
What is the greatest common factor of 2 and 13942?
2
Calculate the highest common divisor of 264147 and 20787.
507
What is the greatest common divisor of 110 and 15818?
22
What is the highest common factor of 903 and 96621?
903
Calculate the highest common divisor of 397035 and 3.
3
Calculate the greatest common divisor of 63332 and 710.
142
What is the highest common factor of 8 and 740240?
8
Calculate the greatest common divisor of 3296 and 10918.
206
What is the highest common factor of 19745 and 2513?
359
Calculate the greatest common factor of 311388 and 308.
308
What is the